{"id":22512,"date":"2025-12-15T23:36:07","date_gmt":"2025-12-15T22:36:07","guid":{"rendered":"https:\/\/etis.ba\/?post_type=product&#038;p=22512"},"modified":"2025-12-15T23:37:08","modified_gmt":"2025-12-15T22:37:08","slug":"termostat-engo-esimple-230b","status":"publish","type":"product","link":"https:\/\/etis.ba\/?product=termostat-engo-esimple-230b","title":{"rendered":"Termostat Engo ESIMPLE-230B"},"content":{"rendered":"<div class=\"produkt__header\">\n<div class=\"produkt__header\">\n<div class=\"produkt__header\">\n<div class=\"produkt__header\">\n<div class=\"produkt__header\">\n<div class=\"produkt__header\">\n<div class=\"produkt__header\">\n<div class=\"produkt__header\">\n<div class=\"produkt__header\">\n<h3 id=\"prodID\" class=\"singleProductsDetails__header\">\u017di\u010dani, nad\u017ebukni regulator temperature s gumbom, 230V<\/h3>\n<\/div>\n<div class=\"produkt__content pos_absolute\">\n<ul class=\"wp-block-list\">\n<li><strong>ESIMPLE-230B<\/strong>\u00a0je dizajniran za kontrolu\u00a0<strong>povr\u0161inskog grijanja\/hla\u0111enja<\/strong>\u00a0sa\u00a0<strong>visokom toplinskom inercijom<\/strong>.<\/li>\n<li>Pode\u0161avanje \u017eeljene temperature u prostoriji vr\u0161i se pomo\u0107u\u00a0<strong>gumba<\/strong>.<\/li>\n<li>Zahvaljuju\u0107i ugra\u0111enim algoritmima, omogu\u0107ava\u00a0<strong>puno ve\u0107u to\u010dnost kontrole temperature<\/strong>\u00a0u odnosu na tradicionalne mehani\u010dke termostate.<\/li>\n<\/ul>\n<p>&nbsp;<\/p>\n<\/div>\n<div class=\"produkt__table\">\n<h3 class=\"textLeft\">TEHNI\u010cKE<br \/>\n<span class=\"greenColor\">SPECIFIKACIJE<\/span><\/h3>\n<p>&nbsp;<\/p>\n<table class=\"produkt__daneTechniczneTabela\">\n<tbody>\n<tr>\n<th class=\"th_1 produkt__cell\">Napajanje<\/th>\n<th class=\"produkt__cell\">230V AC 50Hz<\/th>\n<\/tr>\n<tr>\n<th class=\"th_1 produkt__cell\">Maksimalna struja<\/th>\n<th class=\"produkt__cell\">3(1) A<\/th>\n<\/tr>\n<tr>\n<th class=\"th_1 produkt__cell\">Temp. raspon zadane vrijednosti<\/th>\n<th class=\"produkt__cell\">5 \u2013 30\u00b0C<\/th>\n<\/tr>\n<tr>\n<th class=\"th_1 produkt__cell\">Kontrolni algoritam<\/th>\n<th class=\"produkt__cell\">TPI ili histereza (\u00b10.5\u00b0C)<\/th>\n<\/tr>\n<tr>\n<th class=\"th_1 produkt__cell\">Komunikacija<\/th>\n<th class=\"produkt__cell\">\u017di\u010dna<\/th>\n<\/tr>\n<tr>\n<th class=\"th_1 produkt__cell\">Upravlja\u010dki izlaz<\/th>\n<th class=\"produkt__cell\">230V AC<\/th>\n<\/tr>\n<tr>\n<th class=\"th_1 produkt__cell\">IP klasa za\u0161tite<\/th>\n<th class=\"produkt__cell\">IP30<\/th>\n<\/tr>\n<tr>\n<th class=\"th_1 produkt__cell\">Dimenzije [mm]<\/th>\n<th class=\"produkt__cell\">80 x 80 x 26<\/th>\n<\/tr>\n<\/tbody>\n<\/table>\n<\/div>\n<\/div>\n<\/div>\n<\/div>\n<\/div>\n<\/div>\n<\/div>\n<\/div>\n<\/div>\n","protected":false},"excerpt":{"rendered":"<p>\u017di\u010dani, nad\u017ebukni regulator temperature s gumbom, 230V ESIMPLE-230B\u00a0je dizajniran za kontrolu\u00a0povr\u0161inskog grijanja\/hla\u0111enja\u00a0sa\u00a0visokom toplinskom inercijom. Pode\u0161avanje \u017eeljene temperature u prostoriji vr\u0161i se pomo\u0107u\u00a0gumba. Zahvaljuju\u0107i ugra\u0111enim algoritmima, omogu\u0107ava\u00a0puno ve\u0107u to\u010dnost kontrole temperature\u00a0u odnosu na tradicionalne mehani\u010dke termostate. &nbsp; TEHNI\u010cKE SPECIFIKACIJE &nbsp; Napajanje 230V AC 50Hz Maksimalna struja 3(1) A Temp. raspon zadane vrijednosti 5 \u2013 30\u00b0C Kontrolni [&hellip;]<\/p>\n","protected":false},"featured_media":22513,"comment_status":"open","ping_status":"closed","template":"","meta":{"_vp_format_video_url":"","_vp_image_focal_point":[]},"product_brand":[111],"product_cat":[106],"product_tag":[],"class_list":{"0":"post-22512","1":"product","2":"type-product","3":"status-publish","4":"has-post-thumbnail","6":"product_brand-engo","7":"product_cat-termostati","9":"first","10":"instock","11":"shipping-taxable","12":"product-type-simple"},"_links":{"self":[{"href":"https:\/\/etis.ba\/index.php?rest_route=\/wp\/v2\/product\/22512","targetHints":{"allow":["GET"]}}],"collection":[{"href":"https:\/\/etis.ba\/index.php?rest_route=\/wp\/v2\/product"}],"about":[{"href":"https:\/\/etis.ba\/index.php?rest_route=\/wp\/v2\/types\/product"}],"replies":[{"embeddable":true,"href":"https:\/\/etis.ba\/index.php?rest_route=%2Fwp%2Fv2%2Fcomments&post=22512"}],"wp:featuredmedia":[{"embeddable":true,"href":"https:\/\/etis.ba\/index.php?rest_route=\/wp\/v2\/media\/22513"}],"wp:attachment":[{"href":"https:\/\/etis.ba\/index.php?rest_route=%2Fwp%2Fv2%2Fmedia&parent=22512"}],"wp:term":[{"taxonomy":"product_brand","embeddable":true,"href":"https:\/\/etis.ba\/index.php?rest_route=%2Fwp%2Fv2%2Fproduct_brand&post=22512"},{"taxonomy":"product_cat","embeddable":true,"href":"https:\/\/etis.ba\/index.php?rest_route=%2Fwp%2Fv2%2Fproduct_cat&post=22512"},{"taxonomy":"product_tag","embeddable":true,"href":"https:\/\/etis.ba\/index.php?rest_route=%2Fwp%2Fv2%2Fproduct_tag&post=22512"}],"curies":[{"name":"wp","href":"https:\/\/api.w.org\/{rel}","templated":true}]}}