{"id":22490,"date":"2025-12-15T23:24:01","date_gmt":"2025-12-15T22:24:01","guid":{"rendered":"https:\/\/etis.ba\/?post_type=product&#038;p=22490"},"modified":"2025-12-15T23:25:01","modified_gmt":"2025-12-15T22:25:01","slug":"termostat-engo-e20i-w","status":"publish","type":"product","link":"https:\/\/etis.ba\/?product=termostat-engo-e20i-w","title":{"rendered":"Termostat Engo E20i-W"},"content":{"rendered":"<div class=\"produkt__header\">\n<div class=\"produkt__header\">\n<div class=\"produkt__header\">\n<div class=\"produkt__header\">\n<div class=\"produkt__header\">\n<div class=\"produkt__header\">\n<h3 id=\"prodID\" class=\"singleProductsDetails__header\">Be\u017ei\u010dni, Internet termostat, Wi-Fi<\/h3>\n<\/div>\n<div class=\"produkt__content pos_absolute\">\n<p>Be\u017ei\u010dni set za upravljanje standardnim ure\u0111ajima za grijanje (npr. plinski kotlovi). Karakteriziraju ga: jednostavnost izrade, intuitivno upravljanje pomo\u0107u tipki te velik i \u010ditljiv zaslon. Ugra\u0111eni Wi-Fi modul omogu\u0107ava jednostavno i brzo konfiguriranje ure\u0111aja u mobilnoj aplikaciji ENGO Smart. Termostat se mo\u017ee dijeliti s mnogim korisnicima, ima funkciju planiranja i zaklju\u010davanje PIN-om. Tvorni\u010dki uparen i spreman za rad.<\/p>\n<p>Set uklju\u010duje: oda\u0161ilja\u010d (E20iTXWIFI), prijemnik (E20iRXWIFI)<\/p>\n<\/div>\n<div class=\"produkt__table\">\n<h3 class=\"textLeft\">TEHNI\u010cKE<br \/>\n<span class=\"greenColor\">SPECIFIKACIJE<\/span><\/h3>\n<table class=\"produkt__daneTechniczneTabela\">\n<tbody>\n<tr>\n<th class=\"th_1 produkt__cell\">Napajanje termostata<\/th>\n<th class=\"produkt__cell\">baterije 2xAA<\/th>\n<\/tr>\n<tr>\n<th class=\"th_1 produkt__cell\">Napajanje prijemnika<\/th>\n<th class=\"produkt__cell\">230V AC 50\u2009Hz<\/th>\n<\/tr>\n<tr>\n<th class=\"th_1 produkt__cell\">Maks. optere\u0107enje prijemnika<\/th>\n<th class=\"produkt__cell\">16(5)A<\/th>\n<\/tr>\n<tr>\n<th class=\"th_1 produkt__cell\">Izlazni signal prijemnika<\/th>\n<th class=\"produkt__cell\">COM \/ NO (bez napona)<\/th>\n<\/tr>\n<tr>\n<th class=\"th_1 produkt__cell\">Temperaturni raspon<\/th>\n<th class=\"produkt__cell\">5,0\u00b0C \u2013 35,0\u00b0C<\/th>\n<\/tr>\n<tr>\n<th class=\"th_1 produkt__cell\">To\u010dnost prikaza temp.<\/th>\n<th class=\"produkt__cell\">0,5\u00b0C<\/th>\n<\/tr>\n<tr>\n<th class=\"th_1 produkt__cell\">Upravlja\u010dki algoritam<\/th>\n<th class=\"produkt__cell\">TPI<br \/>\nHistereza (\u00b10.2\u00b0C do \u00b12\u00b0C)<\/th>\n<\/tr>\n<tr>\n<th class=\"th_1 produkt__cell\">Komunikacija<\/th>\n<th class=\"produkt__cell\">Be\u017ei\u010dna, 868 MHz<br \/>\nWi-Fi 2,4GHz<\/th>\n<\/tr>\n<tr>\n<th class=\"th_1 produkt__cell\">Dimenzije oda\u0161ilja\u010da [mm]<\/th>\n<th class=\"produkt__cell\">80 x 80 x 23<\/th>\n<\/tr>\n<tr>\n<th class=\"th_1 produkt__cell\">Dimenzije prijemnika [mm]<\/th>\n<th class=\"produkt__cell\">96 x 96 x 27<\/th>\n<\/tr>\n<\/tbody>\n<\/table>\n<\/div>\n<\/div>\n<\/div>\n<\/div>\n<\/div>\n<\/div>\n","protected":false},"excerpt":{"rendered":"<p>Be\u017ei\u010dni, Internet termostat, Wi-Fi Be\u017ei\u010dni set za upravljanje standardnim ure\u0111ajima za grijanje (npr. plinski kotlovi). Karakteriziraju ga: jednostavnost izrade, intuitivno upravljanje pomo\u0107u tipki te velik i \u010ditljiv zaslon. Ugra\u0111eni Wi-Fi modul omogu\u0107ava jednostavno i brzo konfiguriranje ure\u0111aja u mobilnoj aplikaciji ENGO Smart. Termostat se mo\u017ee dijeliti s mnogim korisnicima, ima funkciju planiranja i zaklju\u010davanje PIN-om. [&hellip;]<\/p>\n","protected":false},"featured_media":22491,"comment_status":"open","ping_status":"closed","template":"","meta":{"_vp_format_video_url":"","_vp_image_focal_point":[]},"product_brand":[111],"product_cat":[106],"product_tag":[],"class_list":{"0":"post-22490","1":"product","2":"type-product","3":"status-publish","4":"has-post-thumbnail","6":"product_brand-engo","7":"product_cat-termostati","9":"first","10":"instock","11":"shipping-taxable","12":"product-type-simple"},"_links":{"self":[{"href":"https:\/\/etis.ba\/index.php?rest_route=\/wp\/v2\/product\/22490","targetHints":{"allow":["GET"]}}],"collection":[{"href":"https:\/\/etis.ba\/index.php?rest_route=\/wp\/v2\/product"}],"about":[{"href":"https:\/\/etis.ba\/index.php?rest_route=\/wp\/v2\/types\/product"}],"replies":[{"embeddable":true,"href":"https:\/\/etis.ba\/index.php?rest_route=%2Fwp%2Fv2%2Fcomments&post=22490"}],"wp:featuredmedia":[{"embeddable":true,"href":"https:\/\/etis.ba\/index.php?rest_route=\/wp\/v2\/media\/22491"}],"wp:attachment":[{"href":"https:\/\/etis.ba\/index.php?rest_route=%2Fwp%2Fv2%2Fmedia&parent=22490"}],"wp:term":[{"taxonomy":"product_brand","embeddable":true,"href":"https:\/\/etis.ba\/index.php?rest_route=%2Fwp%2Fv2%2Fproduct_brand&post=22490"},{"taxonomy":"product_cat","embeddable":true,"href":"https:\/\/etis.ba\/index.php?rest_route=%2Fwp%2Fv2%2Fproduct_cat&post=22490"},{"taxonomy":"product_tag","embeddable":true,"href":"https:\/\/etis.ba\/index.php?rest_route=%2Fwp%2Fv2%2Fproduct_tag&post=22490"}],"curies":[{"name":"wp","href":"https:\/\/api.w.org\/{rel}","templated":true}]}}