{"id":22478,"date":"2025-12-15T23:17:58","date_gmt":"2025-12-15T22:17:58","guid":{"rendered":"https:\/\/etis.ba\/?post_type=product&#038;p=22478"},"modified":"2025-12-15T23:19:21","modified_gmt":"2025-12-15T22:19:21","slug":"termostat-engo-e25-batb","status":"publish","type":"product","link":"https:\/\/etis.ba\/?product=termostat-engo-e25-batb","title":{"rendered":"Termostat Engo E25-BATB"},"content":{"rendered":"<div class=\"produkt__header\">\n<div class=\"produkt__header\">\n<div class=\"produkt__header\">\n<div class=\"produkt__header\">\n<h3 id=\"prodID\" class=\"singleProductsDetails__header\">ZigBee\/868MHz pametni termostat, nadgradna monta\u017ea, na baterije<\/h3>\n<\/div>\n<div class=\"produkt__content pos_absolute\">\n<p>Nadgradni termostat za upravljanje podnim i radijatorskim grijanjem. Jednostavan za instalaciju i kori\u0161tenje. Mre\u017eno napajanje (230 V) ili baterija (2xAA). Programiran i kontroliran pomo\u0107u ENGO Smart aplikacije, koriste\u0107i ZigBee 3.0 gateway \u2013 EGATEZB. Kontroleri mogu be\u017ei\u010dno upravljati raznim ure\u0111ajima iz ZigBee serije (npr. ECB62ZB be\u017ei\u010dna traka, EMODZB modul, EREL1ZB12A, EREL1ZB16A relej ili ETRV glave). Verzija od 230 V tako\u0111er radi kao samostalni ure\u0111aj i mo\u017ee se spojiti direktno na prijemnik (npr. \u017ei\u010danu upravlja\u010dku traku).<\/p>\n<\/div>\n<div class=\"produkt__table\">\n<h3 class=\"textLeft\">TEHNI\u010cKE<br \/>\n<span class=\"greenColor\">SPECIFIKACIJE<\/span><\/h3>\n<table class=\"produkt__daneTechniczneTabela\">\n<tbody>\n<tr>\n<th class=\"th_1 produkt__cell\">Verzija napajanja<\/th>\n<th class=\"produkt__cell\">baterije 2xAA<\/th>\n<\/tr>\n<tr>\n<th class=\"th_1 produkt__cell\">Temperaturni raspon<\/th>\n<th class=\"produkt__cell\">5,0\u00b0C do 45,0\u00b0C<\/th>\n<\/tr>\n<tr>\n<th class=\"th_1 produkt__cell\">To\u010dnost prikaza temp.<\/th>\n<th class=\"produkt__cell\">0,5\u00b0C<\/th>\n<\/tr>\n<tr>\n<th class=\"th_1 produkt__cell\">Upravlja\u010dki algoritam<\/th>\n<th class=\"produkt__cell\">TPI<br \/>\nHistereza (\u00b10,2\u00b0C do \u00b12\u00b0C)<\/th>\n<\/tr>\n<tr>\n<th class=\"th_1 produkt__cell\">Komunikacija<\/th>\n<th class=\"produkt__cell\">ZigBee 3.0<br \/>\nRadijska 868MHz<\/th>\n<\/tr>\n<tr>\n<th class=\"th_1 produkt__cell\">Dimenzije [mm]<\/th>\n<th class=\"produkt__cell\">80 x 80 x 23<\/th>\n<\/tr>\n<\/tbody>\n<\/table>\n<\/div>\n<\/div>\n<\/div>\n<\/div>\n","protected":false},"excerpt":{"rendered":"<p>ZigBee\/868MHz pametni termostat, nadgradna monta\u017ea, na baterije Nadgradni termostat za upravljanje podnim i radijatorskim grijanjem. Jednostavan za instalaciju i kori\u0161tenje. Mre\u017eno napajanje (230 V) ili baterija (2xAA). Programiran i kontroliran pomo\u0107u ENGO Smart aplikacije, koriste\u0107i ZigBee 3.0 gateway \u2013 EGATEZB. Kontroleri mogu be\u017ei\u010dno upravljati raznim ure\u0111ajima iz ZigBee serije (npr. ECB62ZB be\u017ei\u010dna traka, EMODZB modul, [&hellip;]<\/p>\n","protected":false},"featured_media":22479,"comment_status":"open","ping_status":"closed","template":"","meta":{"_vp_format_video_url":"","_vp_image_focal_point":[]},"product_brand":[111],"product_cat":[106],"product_tag":[],"class_list":{"0":"post-22478","1":"product","2":"type-product","3":"status-publish","4":"has-post-thumbnail","6":"product_brand-engo","7":"product_cat-termostati","9":"first","10":"instock","11":"shipping-taxable","12":"product-type-simple"},"_links":{"self":[{"href":"https:\/\/etis.ba\/index.php?rest_route=\/wp\/v2\/product\/22478","targetHints":{"allow":["GET"]}}],"collection":[{"href":"https:\/\/etis.ba\/index.php?rest_route=\/wp\/v2\/product"}],"about":[{"href":"https:\/\/etis.ba\/index.php?rest_route=\/wp\/v2\/types\/product"}],"replies":[{"embeddable":true,"href":"https:\/\/etis.ba\/index.php?rest_route=%2Fwp%2Fv2%2Fcomments&post=22478"}],"wp:featuredmedia":[{"embeddable":true,"href":"https:\/\/etis.ba\/index.php?rest_route=\/wp\/v2\/media\/22479"}],"wp:attachment":[{"href":"https:\/\/etis.ba\/index.php?rest_route=%2Fwp%2Fv2%2Fmedia&parent=22478"}],"wp:term":[{"taxonomy":"product_brand","embeddable":true,"href":"https:\/\/etis.ba\/index.php?rest_route=%2Fwp%2Fv2%2Fproduct_brand&post=22478"},{"taxonomy":"product_cat","embeddable":true,"href":"https:\/\/etis.ba\/index.php?rest_route=%2Fwp%2Fv2%2Fproduct_cat&post=22478"},{"taxonomy":"product_tag","embeddable":true,"href":"https:\/\/etis.ba\/index.php?rest_route=%2Fwp%2Fv2%2Fproduct_tag&post=22478"}],"curies":[{"name":"wp","href":"https:\/\/api.w.org\/{rel}","templated":true}]}}