{"id":22348,"date":"2025-12-15T02:00:25","date_gmt":"2025-12-15T01:00:25","guid":{"rendered":"https:\/\/etis.ba\/?post_type=product&#038;p=22348"},"modified":"2025-12-15T02:01:09","modified_gmt":"2025-12-15T01:01:09","slug":"eloblock-ve-9-14-see-9kw","status":"publish","type":"product","link":"https:\/\/etis.ba\/?product=eloblock-ve-9-14-see-9kw","title":{"rendered":"eloBLOCK &#8211; VE 9\/14 SEE 9kW"},"content":{"rendered":"<p><strong>Elektri\u010dni kotao za centralno grijanje 9 kW &#8211; VAILLANT eloBLOCK VE<\/strong><\/p>\n<p>Grijanje na struju uz visokou\u010dinkoviti Vaillant ure\u0111aj &#8211;\u00a0<strong>za maksimalnu udobnost grijanja<\/strong>\u00a0i ugodnu toplinu doma. Nova generacija Vaillant eloBLOCK ure\u0111aja omogu\u0107uje\u00a0<strong>potpuno automatizirano<\/strong>\u00a0centralno grijanje na struju. Vaillant eloBLOCK\u00a0<strong>kompaktan je<\/strong>\u00a0i iznimno lijepo dizajniran, jednostavno \u0107e se uklopiti u ba\u0161 svaki prostor.<\/p>\n<p><strong>Posebnosti:<\/strong><\/p>\n<ul>\n<li>Ekolo\u0161ki na\u010din rada \u2013 nije potreban dimnjak i mogu\u0107e ih je instalirati i u najmanje prostorije jer ne koriste zrak za izgaranje<\/li>\n<li>Za rad ure\u0111aja potreban je trofazni priklju\u010dak (osim za modele 6 i 9 kW kod kojih je uz odgovaraju\u0107i presjek elektri\u010dnih kablova mogu\u0107e izvesti monofazni priklju\u010dak)<\/li>\n<\/ul>\n<h3 data-start=\"607\" data-end=\"630\"><strong data-start=\"611\" data-end=\"628\">eloBLOCK VE 9<\/strong><\/h3>\n<div class=\"TyagGW_tableContainer\">\n<div class=\"group TyagGW_tableWrapper flex w-fit flex-col-reverse\" tabindex=\"-1\">\n<table class=\"w-fit min-w-(--thread-content-width)\" data-start=\"632\" data-end=\"1075\">\n<thead data-start=\"632\" data-end=\"658\">\n<tr data-start=\"632\" data-end=\"658\">\n<th data-start=\"632\" data-end=\"644\" data-col-size=\"sm\">Parametar<\/th>\n<th data-start=\"644\" data-end=\"658\" data-col-size=\"md\">Vrijednost<\/th>\n<\/tr>\n<\/thead>\n<tbody data-start=\"686\" data-end=\"1075\">\n<tr data-start=\"686\" data-end=\"711\">\n<td data-start=\"686\" data-end=\"703\" data-col-size=\"sm\">Nazivni u\u010dinak<\/td>\n<td data-col-size=\"md\" data-start=\"703\" data-end=\"711\">9 kW<\/td>\n<\/tr>\n<tr data-start=\"712\" data-end=\"748\">\n<td data-start=\"712\" data-end=\"738\" data-col-size=\"sm\">Potro\u0161nja struje, maks.<\/td>\n<td data-col-size=\"md\" data-start=\"738\" data-end=\"748\">3&#215;14 A<\/td>\n<\/tr>\n<tr data-start=\"749\" data-end=\"786\">\n<td data-start=\"749\" data-end=\"778\" data-col-size=\"sm\">Nominalna jakost osigura\u010da<\/td>\n<td data-col-size=\"md\" data-start=\"778\" data-end=\"786\">16 A<\/td>\n<\/tr>\n<tr data-start=\"787\" data-end=\"834\">\n<td data-start=\"787\" data-end=\"823\" data-col-size=\"sm\">Potrebni presjek elektri\u010dnog voda<\/td>\n<td data-col-size=\"md\" data-start=\"823\" data-end=\"834\">1,5 mm\u00b2<\/td>\n<\/tr>\n<tr data-start=\"835\" data-end=\"873\">\n<td data-start=\"835\" data-end=\"855\" data-col-size=\"sm\">Dimenzije (Vx\u0160xD)<\/td>\n<td data-col-size=\"md\" data-start=\"855\" data-end=\"873\">740x410x315 mm<\/td>\n<\/tr>\n<tr data-start=\"874\" data-end=\"903\">\n<td data-start=\"874\" data-end=\"892\" data-col-size=\"sm\">Te\u017eina (prazan)<\/td>\n<td data-col-size=\"md\" data-start=\"892\" data-end=\"903\">24,0 kg<\/td>\n<\/tr>\n<tr data-start=\"904\" data-end=\"929\">\n<td data-start=\"904\" data-end=\"920\" data-col-size=\"sm\">Vrsta za\u0161tite<\/td>\n<td data-col-size=\"md\" data-start=\"920\" data-end=\"929\">IP 40<\/td>\n<\/tr>\n<tr data-start=\"930\" data-end=\"976\">\n<td data-start=\"930\" data-end=\"954\" data-col-size=\"sm\">Elektri\u010dni priklju\u010dak<\/td>\n<td data-col-size=\"md\" data-start=\"954\" data-end=\"976\">3 N\/PE 400 V 50 Hz<\/td>\n<\/tr>\n<tr data-start=\"977\" data-end=\"1075\">\n<td data-start=\"977\" data-end=\"988\" data-col-size=\"sm\">Napomena<\/td>\n<td data-col-size=\"md\" data-start=\"988\" data-end=\"1075\">Mogu\u0107e priklju\u010diti na monofazni priklju\u010dak uz odgovaraju\u0107i presjek elektri\u010dnog voda<\/td>\n<\/tr>\n<\/tbody>\n<\/table>\n<\/div>\n<\/div>\n<div class=\"TyagGW_tableContainer\"><\/div>\n<p>&nbsp;<\/p>\n","protected":false},"excerpt":{"rendered":"<ul>\n<li>Automatiziran rad ure\u0111aja<\/li>\n<li>Iznimno tih<\/li>\n<li>Kompatibilan sa svim eBUS termostatima i regulacijama grijanja<\/li>\n<li>Mogu\u0107nost povezivanja s eksternim spremnikom za potro\u0161nu toplu vodu<\/li>\n<li>Iznimna energetska u\u010dinkovitost<\/li>\n<\/ul>\n<p><img decoding=\"async\" class=\"alignnone wp-image-22349 size-medium\" src=\"https:\/\/etis.ba\/wp-content\/uploads\/2025\/12\/9-158x300.png\" alt=\"\" width=\"158\" height=\"300\" srcset=\"https:\/\/etis.ba\/wp-content\/uploads\/2025\/12\/9-158x300.png 158w, https:\/\/etis.ba\/wp-content\/uploads\/2025\/12\/9-340x647.png 340w, https:\/\/etis.ba\/wp-content\/uploads\/2025\/12\/9.png 398w\" sizes=\"(max-width: 158px) 100vw, 158px\" \/><\/p>\n","protected":false},"featured_media":22346,"comment_status":"open","ping_status":"closed","template":"","meta":{"_vp_format_video_url":"","_vp_image_focal_point":[]},"product_brand":[112],"product_cat":[107],"product_tag":[],"class_list":{"0":"post-22348","1":"product","2":"type-product","3":"status-publish","4":"has-post-thumbnail","6":"product_brand-vaillant","7":"product_cat-elo-blokovi","9":"first","10":"instock","11":"shipping-taxable","12":"product-type-simple"},"_links":{"self":[{"href":"https:\/\/etis.ba\/index.php?rest_route=\/wp\/v2\/product\/22348","targetHints":{"allow":["GET"]}}],"collection":[{"href":"https:\/\/etis.ba\/index.php?rest_route=\/wp\/v2\/product"}],"about":[{"href":"https:\/\/etis.ba\/index.php?rest_route=\/wp\/v2\/types\/product"}],"replies":[{"embeddable":true,"href":"https:\/\/etis.ba\/index.php?rest_route=%2Fwp%2Fv2%2Fcomments&post=22348"}],"wp:featuredmedia":[{"embeddable":true,"href":"https:\/\/etis.ba\/index.php?rest_route=\/wp\/v2\/media\/22346"}],"wp:attachment":[{"href":"https:\/\/etis.ba\/index.php?rest_route=%2Fwp%2Fv2%2Fmedia&parent=22348"}],"wp:term":[{"taxonomy":"product_brand","embeddable":true,"href":"https:\/\/etis.ba\/index.php?rest_route=%2Fwp%2Fv2%2Fproduct_brand&post=22348"},{"taxonomy":"product_cat","embeddable":true,"href":"https:\/\/etis.ba\/index.php?rest_route=%2Fwp%2Fv2%2Fproduct_cat&post=22348"},{"taxonomy":"product_tag","embeddable":true,"href":"https:\/\/etis.ba\/index.php?rest_route=%2Fwp%2Fv2%2Fproduct_tag&post=22348"}],"curies":[{"name":"wp","href":"https:\/\/api.w.org\/{rel}","templated":true}]}}