{"id":22306,"date":"2025-12-15T00:47:15","date_gmt":"2025-12-14T23:47:15","guid":{"rendered":"https:\/\/etis.ba\/?post_type=product&#038;p=22306"},"modified":"2025-12-15T00:47:15","modified_gmt":"2025-12-14T23:47:15","slug":"midea-klima-oasis-plus-35kw-uj-i-vj-12k","status":"publish","type":"product","link":"https:\/\/etis.ba\/?product=midea-klima-oasis-plus-35kw-uj-i-vj-12k","title":{"rendered":"Midea klima OASIS PLUS 3,5kW UJ i VJ 12K"},"content":{"rendered":"<p><strong data-start=\"103\" data-end=\"164\">UJ: MSOPBU\u201112HRFN8\u2011QRE3W<br data-start=\"176\" data-end=\"179\" \/>VJ: MOX330\u201112HFN8\u2011QRE3GW<\/p>\n<p>Midea Inverter klima ure\u0111aj serije Oasis \u2013 MSOPBU-12HRFN8<\/strong> predstavlja sna\u017eno i energetski efikasno re\u0161enje za stanove, ku\u0107e i poslovne prostore. Zahvaljuju\u0107i naprednoj inverter tehnologiji i rashladnom gasu R-32, ovaj model obezbje\u0111uje brzo postizanje \u017eeljene temperature uz minimalnu potro\u0161nju elektri\u010dne energije. Ure\u0111aj radi tiho i pouzdano, pa je pogodan i za spava\u0107e sobe i za dnevne boravke.<\/p>\n<p>Full DC inverter, Eko gas R32, WIFI ready, Energy Save, Sterilizacija na visokoj temperaturi od 56C, Grijanje do -35C<\/p>\n<p><img fetchpriority=\"high\" decoding=\"async\" class=\"alignnone wp-image-22312 size-full\" src=\"https:\/\/etis.ba\/wp-content\/uploads\/2025\/12\/Artboard-5.png\" alt=\"\" width=\"443\" height=\"348\" srcset=\"https:\/\/etis.ba\/wp-content\/uploads\/2025\/12\/Artboard-5.png 443w, https:\/\/etis.ba\/wp-content\/uploads\/2025\/12\/Artboard-5-300x236.png 300w, https:\/\/etis.ba\/wp-content\/uploads\/2025\/12\/Artboard-5-340x267.png 340w\" sizes=\"(max-width: 443px) 100vw, 443px\" \/><\/p>\n<p><strong>8\u00b0C Grijanje<\/strong><br \/>\nU na\u010dinu grijanja, temperatura na klima<br \/>\nure\u0111aju mo\u017ee biti unaprijed pode\u0161ena,<br \/>\n\u0161to odr\u017eava sobnu temperaturu stabilnom<br \/>\nna 8\u00b0C i sprje\u010dava smrzavanje ku\u0107e po<br \/>\njakom hladnom vremenu, kada je prazna<br \/>\ndu\u017ei vremenski period.<\/p>\n<p>&nbsp;<\/p>\n<p><img decoding=\"async\" class=\"alignnone wp-image-22310 size-vp_md\" src=\"https:\/\/etis.ba\/wp-content\/uploads\/2025\/12\/Screenshot_17-800x136.png\" alt=\"\" width=\"800\" height=\"136\" srcset=\"https:\/\/etis.ba\/wp-content\/uploads\/2025\/12\/Screenshot_17-800x136.png 800w, https:\/\/etis.ba\/wp-content\/uploads\/2025\/12\/Screenshot_17-300x51.png 300w, https:\/\/etis.ba\/wp-content\/uploads\/2025\/12\/Screenshot_17-768x131.png 768w, https:\/\/etis.ba\/wp-content\/uploads\/2025\/12\/Screenshot_17-340x58.png 340w, https:\/\/etis.ba\/wp-content\/uploads\/2025\/12\/Screenshot_17-500x85.png 500w, https:\/\/etis.ba\/wp-content\/uploads\/2025\/12\/Screenshot_17-1000x170.png 1000w, https:\/\/etis.ba\/wp-content\/uploads\/2025\/12\/Screenshot_17.png 1022w\" sizes=\"(max-width: 800px) 100vw, 800px\" \/><\/p>\n<p><img decoding=\"async\" class=\"alignnone wp-image-22311 size-full\" src=\"https:\/\/etis.ba\/wp-content\/uploads\/2025\/12\/Screenshot_18-1.png\" alt=\"\" width=\"597\" height=\"269\" srcset=\"https:\/\/etis.ba\/wp-content\/uploads\/2025\/12\/Screenshot_18-1.png 597w, https:\/\/etis.ba\/wp-content\/uploads\/2025\/12\/Screenshot_18-1-300x135.png 300w, https:\/\/etis.ba\/wp-content\/uploads\/2025\/12\/Screenshot_18-1-340x153.png 340w, https:\/\/etis.ba\/wp-content\/uploads\/2025\/12\/Screenshot_18-1-500x225.png 500w\" sizes=\"(max-width: 597px) 100vw, 597px\" \/><\/p>\n","protected":false},"excerpt":{"rendered":"<ul>\n<li><strong>U\u010dinak hla\u0111enja (kW): 3.52\u00a0<\/strong><\/li>\n<li><strong>U\u010dinak grijanja (kW): 4.25\u00a0<\/strong><\/li>\n<li><strong>Energetski razred: A+++ \/ A+++\u00a0<\/strong><\/li>\n<li><strong>Veli\u010dina prostorije (m\u00b2): 25\u201335 m\u00b2\u00a0<\/strong><\/li>\n<li><strong>Garancija: 3 godine<\/strong><\/li>\n<\/ul>\n<p><img loading=\"lazy\" decoding=\"async\" class=\"alignnone wp-image-22308 size-full\" src=\"https:\/\/etis.ba\/wp-content\/uploads\/2025\/12\/Artboard-4.png\" alt=\"\" width=\"483\" height=\"93\" srcset=\"https:\/\/etis.ba\/wp-content\/uploads\/2025\/12\/Artboard-4.png 483w, https:\/\/etis.ba\/wp-content\/uploads\/2025\/12\/Artboard-4-300x58.png 300w, https:\/\/etis.ba\/wp-content\/uploads\/2025\/12\/Artboard-4-340x65.png 340w\" sizes=\"(max-width: 483px) 100vw, 483px\" \/><\/p>\n","protected":false},"featured_media":22307,"comment_status":"open","ping_status":"closed","template":"","meta":{"_vp_format_video_url":"","_vp_image_focal_point":[]},"product_brand":[110],"product_cat":[105,102],"product_tag":[],"class_list":{"0":"post-22306","1":"product","2":"type-product","3":"status-publish","4":"has-post-thumbnail","6":"product_brand-midea","7":"product_cat-klima-uredjaji","8":"product_cat-midea-klime","10":"first","11":"instock","12":"shipping-taxable","13":"product-type-simple"},"_links":{"self":[{"href":"https:\/\/etis.ba\/index.php?rest_route=\/wp\/v2\/product\/22306","targetHints":{"allow":["GET"]}}],"collection":[{"href":"https:\/\/etis.ba\/index.php?rest_route=\/wp\/v2\/product"}],"about":[{"href":"https:\/\/etis.ba\/index.php?rest_route=\/wp\/v2\/types\/product"}],"replies":[{"embeddable":true,"href":"https:\/\/etis.ba\/index.php?rest_route=%2Fwp%2Fv2%2Fcomments&post=22306"}],"wp:featuredmedia":[{"embeddable":true,"href":"https:\/\/etis.ba\/index.php?rest_route=\/wp\/v2\/media\/22307"}],"wp:attachment":[{"href":"https:\/\/etis.ba\/index.php?rest_route=%2Fwp%2Fv2%2Fmedia&parent=22306"}],"wp:term":[{"taxonomy":"product_brand","embeddable":true,"href":"https:\/\/etis.ba\/index.php?rest_route=%2Fwp%2Fv2%2Fproduct_brand&post=22306"},{"taxonomy":"product_cat","embeddable":true,"href":"https:\/\/etis.ba\/index.php?rest_route=%2Fwp%2Fv2%2Fproduct_cat&post=22306"},{"taxonomy":"product_tag","embeddable":true,"href":"https:\/\/etis.ba\/index.php?rest_route=%2Fwp%2Fv2%2Fproduct_tag&post=22306"}],"curies":[{"name":"wp","href":"https:\/\/api.w.org\/{rel}","templated":true}]}}